t is the highest common divisor of 16 and 8?
8
Calculate the greatest common divisor of 176 and 1144.
88
Calculate the greatest common factor of 4499 and 11.
11
What is the greatest common divisor of 10 and 530?
10
What is the highest common factor of 2832 and 96?
48
What is the highest common factor of 225 and 4905?
45
What is the highest common factor of 17 and 833?
17
What is the highest common divisor of 56 and 32?
8
Calculate the highest common factor of 3515 and 74.
37
What is the highest common factor of 24 and 488?
8
What is the greatest common divisor of 73 and 1?
1
What is the highest common factor of 861 and 20377?
287
Calculate the highest common factor of 494 and 437.
19
What is the greatest common factor of 78 and 342?
6
Calculate the highest common factor of 2640 and 1776.
48
Calculate the highest common factor of 671 and 61.
61
Calculate the highest common factor of 708 and 12.
12
What is the greatest common factor of 156 and 276?
12
What is the highest common factor of 22 and 374?
22
Calculate the greatest common factor of 44 and 16.
4
What is the greatest common divisor of 44 and 1188?
44
What is the highest common divisor of 26 and 91?
13
What is the highest common divisor of 40 and 4200?
40
What is the greatest common divisor of 192 and 224?
32
Calculate the greatest common factor of 2002 and 77.
77
What is the greatest common factor of 15 and 5685?
15
What is the highest common divisor of 2915 and 935?
55
What is the greatest common factor of 625 and 75?
25
Calculate the highest common factor of 400 and 50.
50
What is the greatest common divisor of 129 and 6?
3
Calculate the highest common divisor of 7491 and 99.
33
Calculate the highest common factor of 4 and 46.
2
What is the highest common divisor of 18 and 45?
9
Calculate the greatest common factor of 45 and 16677.
9
What is the greatest common factor of 350 and 140?
70
Calculate the highest common divisor of 780 and 182.
26
What is the highest common divisor of 376 and 470?
94
What is the greatest common divisor of 21 and 2919?
21
What is the highest common divisor of 12 and 648?
12
What is the greatest common factor of 1222 and 282?
94
What is the greatest common divisor of 26 and 494?
26
Calculate the greatest common divisor of 12 and 156.
12
What is the greatest common factor of 33 and 9?
3
Calculate the highest common factor of 3483 and 129.
129
Calculate the greatest common factor of 184 and 207.
23
Calculate the highest common factor of 44 and 638.
22
What is the greatest common divisor of 297 and 7920?
99
What is the greatest common factor of 136 and 4?
4
What is the highest common divisor of 570 and 60?
30
What is the highest common factor of 90 and 144?
18
Calculate the highest common divisor of 5 and 745.
5
Calculate the highest common factor of 8 and 32.
8
What is the highest common divisor of 27 and 837?
27
What is the highest common factor of 86 and 301?
43
Calculate the highest common divisor of 580 and 40.
20
Calculate the highest common divisor of 7 and 749.
7
What is the highest common factor of 247 and 19?
19
What is the greatest common factor of 1292 and 1428?
68
Calculate the greatest common divisor of 175 and 21.
7
Calculate the highest common factor of 1235 and 325.
65
Calculate the greatest common divisor of 84 and 852.
12
What is the highest common factor of 247 and 38?
19
What is the greatest common divisor of 632 and 3081?
79
Calculate the highest common factor of 21 and 10479.
21
Calculate the highest common divisor of 897 and 345.
69
Calculate the greatest common factor of 891 and 11.
11
Calculate the highest common factor of 124 and 8.
4
Calculate the highest common divisor of 224 and 3248.
112
Calculate the highest common divisor of 8 and 284.
4
What is the greatest common factor of 9 and 4311?
9
Calculate the greatest common divisor of 1325 and 275.
25
What is the greatest common divisor of 9 and 2?
1
What is the greatest common divisor of 225 and 72?
9
What is the highest common divisor of 29 and 14529?
29
Calculate the greatest common divisor of 3580 and 160.
20
Calculate the greatest common divisor of 774 and 18.
18
What is the greatest common divisor of 2325 and 30?
15
What is the highest common divisor of 629 and 296?
37
Calculate the highest common factor of 68 and 2482.
34
Calculate the highest common divisor of 238 and 14.
14
What is the greatest common factor of 405 and 1275?
15
What is the highest common factor of 35 and 14?
7
Calculate the greatest common factor of 40 and 1636.
4
What is the highest common divisor of 82 and 1886?
82
What is the highest common factor of 49 and 77?
7
Calculate the greatest common factor of 70 and 620.
10
What is the greatest common factor of 730 and 10?
10
Calculate the highest common divisor of 58 and 3103.
29
What is the highest common divisor of 12296 and 464?
232
What is the greatest common factor of 242 and 176?
22
Calculate the highest common factor of 412 and 12978.
206
Calculate the highest common divisor of 78 and 816.
6
What is the highest common divisor of 69 and 23?
23
What is the highest common divisor of 5155 and 15?
5
What is the highest common divisor of 1442 and 5562?
206
Calculate the highest common factor of 496 and 848.
16
Calculate the highest common factor of 399 and 168.
21
What is the greatest common factor of 66 and 2046?
66
What is the highest common factor of 1 and 10686?
1
Calculate the greatest common factor of 410 and 20.
10
Calculate the greatest common divisor of 56 and 140.
28
What is the highest common factor of 1424 and 89?
89
What is the highest common divisor of 30 and 135?
15
What is the highest common factor of 34 and 1258?
34
What is the greatest common factor of 8 and 22000?
8
What is the highest common factor of 6 and 378?
6
Calculate the highest common divisor of 120 and 60.
60
Calculate the highest common divisor of 44 and 1375.
11
What is the highest common divisor of 341 and 330?
11
What is the greatest common divisor of 777 and 21?
21
Calculate the greatest common factor of 11 and 1375.
11
What is the highest common divisor of 20 and 5550?
10
Calculate the greatest common factor of 220 and 2145.
55
What is the greatest common factor of 8586 and 1458?
162
Calculate the greatest common factor of 12 and 30.
6
Calculate the highest common divisor of 42 and 518.
14
What is the highest common factor of 144 and 1278?
18
What is the highest common divisor of 9 and 4113?
9
What is the greatest common divisor of 815 and 12877?
163
Calculate the highest common factor of 9 and 57.
3
What is the greatest common divisor of 7408 and 64?
16
Calculate the greatest common divisor of 273 and 84.
21
What is the highest common divisor of 104 and 169?
13
Calculate the highest common factor of 20 and 1590.
10
What is the highest common divisor of 270 and 8730?
90
What is the highest common divisor of 2124 and 18?
18
What is the highest common divisor of 1400 and 28?
28
Calculate the greatest common divisor of 798 and 42.
42
Calculate the highest common divisor of 93 and 2325.
93
What is the greatest common divisor of 24 and 2532?
12
Calculate the highest common divisor of 2822 and 136.
34
Calculate the highest common divisor of 92 and 92.
92
What is the highest common factor of 8 and 52?
4
Calculate the greatest common divisor of 1830 and 854.
122
Calculate the greatest common factor of 1134 and 1782.
162
What is the highest common factor of 36 and 900?
36
What is the greatest common divisor of 90 and 2610?
90
What is the highest common divisor of 1431 and 1272?
159
Calculate the highest common factor of 126 and 238.
14
Calculate the greatest common factor of 72 and 504.
72
What is the highest common factor of 8667 and 162?
81
Calculate the highest common divisor of 1132 and 12.
4
What is the greatest common factor of 656 and 82?
82
What is the greatest common factor of 2040 and 72?
24
Calculate the highest common divisor of 100 and 116.
4
Calculate the greatest common factor of 10 and 545.
5
Calculate the greatest common divisor of 16944 and 48.
48
Calculate the greatest common divisor of 224 and 56.
56
Calculate the greatest common divisor of 110 and 8.
2
Calculate the greatest common factor of 21 and 77.
7
What is the greatest common divisor of 7370 and 469?
67
Wh